{"id":400,"date":"2015-09-20T17:02:20","date_gmt":"2015-09-20T16:02:20","guid":{"rendered":"http:\/\/www.cish.org\/?page_id=400"},"modified":"2015-09-20T17:02:20","modified_gmt":"2015-09-20T16:02:20","slug":"necrologie-wolfgang-j-mommsen","status":"publish","type":"page","link":"https:\/\/www.cish.org\/index.php\/fr\/page-2\/archives-et-histoire\/necrologie-wolfgang-j-mommsen\/","title":{"rendered":"N\u00e9crologie &#8211; Wolfgang J. Mommsen"},"content":{"rendered":"<p align=\"left\">Wolfgang J. Mommsen, un des principaux historiens allemands de sa g\u00e9n\u00e9ration et qui fut tr\u00e8s actif dans le CISH, est mort accidentellement en ao\u00fbt 2004 \u00e0 l&#8217;\u00e2ge de 73\u00a0ans lors d&#8217;une baignade dans la Baltique.<\/p>\n<p align=\"left\">Descendant d&#8217;une longue lign\u00e9e allemande d&#8217;historiens, de professionnels et d&#8217;hommes d&#8217;affaires, il \u00e9tait arri\u00e8re-petit-fils de Theodor Mommsen, prix Nobel de 1902 pour sa c\u00e9l\u00e8bre <em>Histoire des Romains<\/em>, fils de l&#8217;historien Wilhelm Mommsen, sympathisant des Nazis qui perdit son emploi en 1945 et jumeau de Hans Mommsen, remarquable historien du nazisme et de la r\u00e9sistance antinazie. La volont\u00e9 de comprendre pourquoi l&#8217;Allemagne \u00e9tait devenue fasciste et l&#8217;agresseur principal dans la premi\u00e8re moiti\u00e9 du XXe si\u00e8cle est demeur\u00e9e fondamentale pour Wolfgang Mommsen de m\u00eame que pour plusieurs autres historiens allemands de sa g\u00e9n\u00e9ration.<\/p>\n<p align=\"left\">Sa th\u00e8se remarquable (avec Theodor Schieder) \u00e9tudiait Max Weber et son r\u00f4le dans la politique allemande jusqu&#8217;en 1920. Certains des sujets trait\u00e9s par Max Weber deviendront les th\u00e8mes de plusieurs livres importants de Wolfgang Mommsen : l&#8217;imp\u00e9rialisme, l&#8217;\u00c9tat allemand, le lib\u00e9ralisme, les lacunes de l&#8217;\u00e9lite allemande de la fin du dix-neuvi\u00e8me et du d\u00e9but du vingti\u00e8me si\u00e8cle ainsi que la Premi\u00e8re Guerre mondiale. En tant que disciple de Weber, Mommsen a pr\u00f4n\u00e9 une analyse historique non \u00e9v\u00e9nementielle. Il est l&#8217;un des fondateurs du <em>\u00abGeschichte und Gesellschaft\u00bb<\/em> (1975), un journal consacr\u00e9 \u00e0 l&#8217;utilisation des sciences sociales en histoire; il a \u00e9galement co\u00e9dit\u00e9 l&#8217;\u0153uvre de Max Weber. Il \u00e9tait, comme lui, un ardent progressiste dot\u00e9 d&#8217;un esprit critique et d&#8217;un fort penchant pour les opinions tranch\u00e9es. Excellent orateur, il a toujours appr\u00e9ci\u00e9 un vif d\u00e9bat.<\/p>\n<p align=\"left\">Wolfgang Mommsen a su allier une rare \u00e9rudition \u00e0 son r\u00f4le social d&#8217;intellectuel. Il a ainsi contribu\u00e9 \u00e0 fa\u00e7onner plusieurs d\u00e9bats \u00e0 l&#8217;origine de la culture politique de la r\u00e9publique f\u00e9d\u00e9rale allemande. Contrairement \u00e0 plusieurs de ses coll\u00e8gues, il avait compris l&#8217;importance de la dimension institutionnelle de notre discipline. Il a occup\u00e9 le poste de professeur d&#8217;histoire moderne \u00e0 l&#8217;Universit\u00e9 de Duesseldorf de 1968 jusqu&#8217;\u00e0 sa retraite, \u00e0 l&#8217;exception d\u2019un passage \u00e0 l&#8217;Institut historique allemand de Londres. Sous sa gouverne (de 1977 \u00e0 1985), l&#8217;Institut a atteint un degr\u00e9 de productivit\u00e9 et de pertinence in\u00e9gal\u00e9. W. Mommsen a \u00e9t\u00e9 pr\u00e9sident de l&#8217;Association nationale des historiens allemands de 1988 \u00e0 1992. Il a jou\u00e9 un r\u00f4le capital dans le difficile processus de rapprochement des historiens allemands de l&#8217;Est et de l&#8217;Ouest, apr\u00e8s la r\u00e9unification.<\/p>\n<p align=\"left\">L&#8217;optique de Wolfgang Mommsen \u00e9tait cosmopolite. L\u2019internationalisation de la discipline historique lui tenait extr\u00eamement \u00e0 c\u0153ur. Il a repr\u00e9sent\u00e9 les historiens allemands \u00e0 l&#8217;occasion de plusieurs congr\u00e8s et rencontres et il a particip\u00e9 activement \u00e0 la vie du CISH. Au printemps de 2005, para\u00eetra la version anglaise condens\u00e9e du livre de Karl Dietrich Erdmann sur l&#8217;histoire des congr\u00e8s internationaux d&#8217;historiens depuis 1898 et celle du Comit\u00e9 international des sciences historiques depuis 1926. Wolfgang Mommsen en a r\u00e9dig\u00e9 l&#8217;\u00e9pilogue couvrant la p\u00e9riode de 1985 (date \u00e0 laquelle K. D. Erdmann a termin\u00e9 son expos\u00e9) jusqu&#8217;\u00e0 2000. Ce sera une preuve de plus de l&#8217;implication de W. Mommsen \u00e0 la cause de la collaboration entre les historiens de toutes nationalit\u00e9s.<\/p>\n<p align=\"left\">Il est mort trop t\u00f4t et la communaut\u00e9 internationale des historiens se le rappellera avec respect et admiration.<\/p>\n<p align=\"right\"><span lang=\"FR\">J\u00fcrgen Kocka, <\/span>Pr\u00e9sident d<span lang=\"FR\">u CISH<\/span><\/p>\n","protected":false},"excerpt":{"rendered":"<p>Wolfgang J. Mommsen, un des principaux historiens allemands de sa g\u00e9n\u00e9ration et qui fut tr\u00e8s actif dans le CISH, est mort accidentellement en ao\u00fbt 2004 \u00e0 l&#8217;\u00e2ge de 73\u00a0ans lors d&#8217;une baignade dans la Baltique. Descendant d&#8217;une longue lign\u00e9e allemande d&#8217;historiens, de professionnels et d&#8217;hommes d&#8217;affaires, il \u00e9tait arri\u00e8re-petit-fils de Theodor Mommsen, prix Nobel de [&hellip;]<\/p>\n","protected":false},"author":3,"featured_media":0,"parent":52,"menu_order":0,"comment_status":"closed","ping_status":"closed","template":"","meta":{"footnotes":""},"class_list":["post-400","page","type-page","status-publish","hentry"],"_links":{"self":[{"href":"https:\/\/www.cish.org\/index.php\/wp-json\/wp\/v2\/pages\/400","targetHints":{"allow":["GET"]}}],"collection":[{"href":"https:\/\/www.cish.org\/index.php\/wp-json\/wp\/v2\/pages"}],"about":[{"href":"https:\/\/www.cish.org\/index.php\/wp-json\/wp\/v2\/types\/page"}],"author":[{"embeddable":true,"href":"https:\/\/www.cish.org\/index.php\/wp-json\/wp\/v2\/users\/3"}],"replies":[{"embeddable":true,"href":"https:\/\/www.cish.org\/index.php\/wp-json\/wp\/v2\/comments?post=400"}],"version-history":[{"count":1,"href":"https:\/\/www.cish.org\/index.php\/wp-json\/wp\/v2\/pages\/400\/revisions"}],"predecessor-version":[{"id":401,"href":"https:\/\/www.cish.org\/index.php\/wp-json\/wp\/v2\/pages\/400\/revisions\/401"}],"up":[{"embeddable":true,"href":"https:\/\/www.cish.org\/index.php\/wp-json\/wp\/v2\/pages\/52"}],"wp:attachment":[{"href":"https:\/\/www.cish.org\/index.php\/wp-json\/wp\/v2\/media?parent=400"}],"curies":[{"name":"wp","href":"https:\/\/api.w.org\/{rel}","templated":true}]}}