{"id":237,"date":"2015-09-16T22:41:58","date_gmt":"2015-09-16T21:41:58","guid":{"rendered":"http:\/\/www.cish.org\/?page_id=237"},"modified":"2015-09-22T18:26:25","modified_gmt":"2015-09-22T17:26:25","slug":"migration-history-european-and-transatlantic-perspectives","status":"publish","type":"page","link":"https:\/\/www.cish.org\/index.php\/fr\/congres-et-autres-rencontres\/colloques-et-symposiums\/migration-history-european-and-transatlantic-perspectives\/","title":{"rendered":"Migration History: European and Transatlantic Perspectives"},"content":{"rendered":"<p>Colloque organis\u00e9 par nos coll\u00e8gues hongrois : &#8220;Migration History: European and Transatlantic Perspectives&#8221; le 6 septembre 2012<\/p>\n<p>Conference Programme 6th September 2012, Budapest<br \/>\nGeneral Assembly of the International Committee of Historical Sciences<br \/>\nInstitute of History, Research Centre for the Humanities, Hungarian Academy of Sciences<\/p>\n<p><span style=\"text-decoration: underline;\"><strong><span class=\"Style4\">Migration History in World History<\/span><\/strong><\/span><\/p>\n<p>Keynote speaker, <strong><a href=\"http:\/\/hum.leiden.edu\/history\/staff\/lucassen.html\">Leo\u00a0Lucassen<\/a><\/strong>, Academic\u00a0Director of\u00a0the Institute for History, Professor of Social History,\u00a0Leiden University<\/p>\n<p><strong><span class=\"Style4\">Migration Policy from the Old Poor Law to the Welfare State<\/span><br \/>\n<\/strong><strong><a href=\"http:\/\/www.bbk.ac.uk\/history\/our-staff\/full-time-academic-staff\/prof-david-feldman\">David Feldman<\/a><\/strong>, Birkbeck, University of London<\/p>\n<p><span class=\"Style4\"><strong>International Migrations in\u00a0Central Europe in the 20th century<\/strong><\/span><strong><br \/>\n<a href=\"http:\/\/www.migracje.uw.edu.pl\/osoba\/29\/\">Dariusz Stola<\/a><\/strong>, Institute of Political Studies, Polish Academy of Sciences; Centre for Migration Research, Warsaw<\/p>\n<p><strong><span class=\"Style4\">Relations among Internal, Continental, and Transatlantic Migration in Late Imperial Austria <\/span><br \/>\n<a href=\"http:\/\/fsp-wi-ge.univie.ac.at\/forscherinnen-forscher\/steidl\/\">Annemarie Steidl<\/a><\/strong>, Department of Social and Economic History, University of Vienna<\/p>\n<p><strong><span class=\"Style4\">Double Exile: Migrations of Jewish-Hungarian Professionals through Germany to the United States 1919\u20131945 <\/span><\/strong><span class=\"Style5\">(working title)<\/span><strong><br \/>\n<a href=\"http:\/\/www.franktibor.hu\/index_en.html\">Tibor Frank<\/a><\/strong>, School of English and American Studies, E\u00f6tv\u00f6s Lor\u00e1nd University, Budapest<\/p>\n<p><strong><span class=\"Style4\">Ethnicity, Identity and Migration Patterns in Hungary (1910-2012) <\/span><br \/>\n<a href=\"http:\/\/www.etnologia.mta.hu\/index.php\/en\/research-staff\/department-of-social-anthropology\/95-balogh-balazs\">Bal\u00e1zs Balogh<\/a><\/strong>, Institute for Ethnography, Research Center for Humanities, Hungarian Academy of Sciences<\/p>\n<p><span class=\"Style4\"><strong>A la place des Etats Unis &#8211; Emigration hongroise vers la France entre les deux guerres. Politique, \u00e9conomie, r\u00e9seaux<\/strong><\/span><strong><br \/>\n<a href=\"http:\/\/www.indiana.edu\/%7Eceus\/faculty\/ablonczy.shtml\">Bal\u00e1zs Ablonczy<\/a><\/strong>, Institut Hongrois de Paris<\/p>\n<p><strong><span class=\"Style4\">Population Discourses in a Comparative Framework <\/span><br \/>\n<\/strong><strong><a href=\"http:\/\/developmentalidealism.org\/people\/melegh.html\">Attila Melegh<\/a><\/strong>, Demographic Research Institute, Corvinus University of Budapest<\/p>\n<p><strong><span class=\"Style4\">The Historian&#8217;s Scales: Political Exile in the Second Half of the 19th Century<\/span><br \/>\n<\/strong><strong><a href=\"http:\/\/www.igk-religioese-kulturen.uni-muenchen.de\/mitglieder\/post-doc\/toth\/index.html\">Hel\u00e9na T\u00f3th<\/a><\/strong>, Centre for Advanced Studies, University of Munich<\/p>\n<p><strong><span class=\"Style4\">Inside Out: Public Perception of Immigrants&#8217; Access to Welfare in Selected European Countries<\/span><br \/>\n<\/strong><strong><a href=\"http:\/\/www.mtaki.hu\/munkatarsak\/kovats_andras_cv.html\">Andr\u00e1s Kov\u00e1ts<\/a><\/strong>, Institute for Ethnic and National Minority Studies of the Hungarian Academy of Sciences<\/p>\n<p><strong><span class=\"Style4\">The Discourse on Forced Migration and European Culture of Remembrance<\/span> <\/strong>(working title)<strong><br \/>\n<a href=\"http:\/\/www.uni-leipzig.de\/%7Egesi\/staff\/member\/16\/\">Stefan Troebst<\/a>, <\/strong>University of Leipzig<\/p>\n","protected":false},"excerpt":{"rendered":"<p>Colloque organis\u00e9 par nos coll\u00e8gues hongrois : &#8220;Migration History: European and Transatlantic Perspectives&#8221; le 6 septembre 2012 Conference Programme 6th September 2012, Budapest General Assembly of the International Committee of Historical Sciences Institute of History, Research Centre for the Humanities, Hungarian Academy of Sciences Migration History in World History Keynote speaker, Leo\u00a0Lucassen, Academic\u00a0Director of\u00a0the Institute [&hellip;]<\/p>\n","protected":false},"author":3,"featured_media":0,"parent":83,"menu_order":0,"comment_status":"closed","ping_status":"closed","template":"","meta":{"footnotes":""},"class_list":["post-237","page","type-page","status-publish","hentry"],"_links":{"self":[{"href":"https:\/\/www.cish.org\/index.php\/wp-json\/wp\/v2\/pages\/237","targetHints":{"allow":["GET"]}}],"collection":[{"href":"https:\/\/www.cish.org\/index.php\/wp-json\/wp\/v2\/pages"}],"about":[{"href":"https:\/\/www.cish.org\/index.php\/wp-json\/wp\/v2\/types\/page"}],"author":[{"embeddable":true,"href":"https:\/\/www.cish.org\/index.php\/wp-json\/wp\/v2\/users\/3"}],"replies":[{"embeddable":true,"href":"https:\/\/www.cish.org\/index.php\/wp-json\/wp\/v2\/comments?post=237"}],"version-history":[{"count":4,"href":"https:\/\/www.cish.org\/index.php\/wp-json\/wp\/v2\/pages\/237\/revisions"}],"predecessor-version":[{"id":244,"href":"https:\/\/www.cish.org\/index.php\/wp-json\/wp\/v2\/pages\/237\/revisions\/244"}],"up":[{"embeddable":true,"href":"https:\/\/www.cish.org\/index.php\/wp-json\/wp\/v2\/pages\/83"}],"wp:attachment":[{"href":"https:\/\/www.cish.org\/index.php\/wp-json\/wp\/v2\/media?parent=237"}],"curies":[{"name":"wp","href":"https:\/\/api.w.org\/{rel}","templated":true}]}}