{"id":1884,"date":"2017-03-27T21:42:14","date_gmt":"2017-03-27T20:42:14","guid":{"rendered":"http:\/\/www.cish.org\/?page_id=1884"},"modified":"2025-01-09T16:23:20","modified_gmt":"2025-01-09T15:23:20","slug":"bureau","status":"publish","type":"page","link":"https:\/\/www.cish.org\/index.php\/fr\/page-2\/bureau\/","title":{"rendered":"Bureau"},"content":{"rendered":"\n<p>Le nouveau bureau a \u00e9t\u00e9 \u00e9lu, conform\u00e9ment aux r\u00e8gles du CISH, lors du dernier assembl\u00e9e g\u00e9n\u00e9rale qui s\u2019est tenu \u00e0 distance le 11 Mai 2021.<\/p>\n\n\n\n<p>Le bureau en comit\u00e9 restreint ou au complet se r\u00e9unit deux fois par an. Il pr\u00e9pare le congr\u00e8s et les assembl\u00e9es g\u00e9n\u00e9rales et met en \u0153uvre la politique d\u00e9finie par les membres du CISH.<\/p>\n\n\n\n<figure class=\"wp-block-image size-large\"><img loading=\"lazy\" decoding=\"async\" width=\"1024\" height=\"489\" src=\"https:\/\/www.cish.org\/wp-content\/uploads\/2021\/07\/Schermata-2021-06-16-alle-15.17.51-2-1024x489.png\" alt=\"\" class=\"wp-image-2862\" srcset=\"https:\/\/www.cish.org\/wp-content\/uploads\/2021\/07\/Schermata-2021-06-16-alle-15.17.51-2-1024x489.png 1024w, https:\/\/www.cish.org\/wp-content\/uploads\/2021\/07\/Schermata-2021-06-16-alle-15.17.51-2-300x143.png 300w, https:\/\/www.cish.org\/wp-content\/uploads\/2021\/07\/Schermata-2021-06-16-alle-15.17.51-2-768x367.png 768w, https:\/\/www.cish.org\/wp-content\/uploads\/2021\/07\/Schermata-2021-06-16-alle-15.17.51-2-1536x733.png 1536w, https:\/\/www.cish.org\/wp-content\/uploads\/2021\/07\/Schermata-2021-06-16-alle-15.17.51-2.png 1588w\" sizes=\"auto, (max-width: 1024px) 100vw, 1024px\" \/><\/figure>\n\n\n\n<p>Le Pr\u00e9sident, le Secr\u00e9taire g\u00e9n\u00e9ral et le Tr\u00e9sorier forment le Bureau, qui supervise le travail administratif du CISH. Le Bureau peut nommer un Secr\u00e9taire g\u00e9n\u00e9ral adjoint charg\u00e9 du travail administratif du CISH.<\/p>\n\n\n\n<div style=\"height:40px\" aria-hidden=\"true\" class=\"wp-block-spacer\"><\/div>\n\n\n\n<h2 class=\"wp-block-heading\">Bureau<\/h2>\n\n\n\n<div class=\"wp-block-group is-nowrap is-layout-flex wp-container-core-group-is-layout-ad2f72ca wp-block-group-is-layout-flex\">\n<figure class=\"wp-block-image size-thumbnail is-style-default wp-container-content-69bc4bdf\"><img loading=\"lazy\" decoding=\"async\" width=\"150\" height=\"150\" src=\"https:\/\/www.cish.org\/wp-content\/uploads\/2015\/09\/Catherine-Horel-150x150.jpg\" alt=\"Catherine Horel\" class=\"wp-image-1554\" srcset=\"https:\/\/www.cish.org\/wp-content\/uploads\/2015\/09\/Catherine-Horel-150x150.jpg 150w, https:\/\/www.cish.org\/wp-content\/uploads\/2015\/09\/Catherine-Horel-50x50.jpg 50w\" sizes=\"auto, (max-width: 150px) 100vw, 150px\" \/><\/figure>\n\n\n\n<p class=\"wp-container-content-5f80b302\"><strong>Pr\u00e9sident<\/strong><br>Prof. Catherine Horel<br>CNRS\/CETOBAC<br>Paris<br><a href=\"&#x6d;&#x61;&#x69;&#x6c;&#x74;&#111;&#58;&#112;&#114;esi&#x64;&#x65;&#x6e;&#x74;&#x40;&#x63;&#105;&#115;&#104;&#46;or&#x67;\">&#112;&#114;&#x65;s&#105;&#x64;&#x65;n&#116;&#x40;&#x63;i&#115;&#x68;&#46;&#111;&#x72;&#x67;<\/a><\/p>\n<\/div>\n\n\n\n<div style=\"height:20px\" aria-hidden=\"true\" class=\"wp-block-spacer\"><\/div>\n\n\n\n<div class=\"wp-block-group is-nowrap is-layout-flex wp-container-core-group-is-layout-ad2f72ca wp-block-group-is-layout-flex\">\n<figure class=\"wp-block-image size-thumbnail is-style-default wp-container-content-69bc4bdf\"><img loading=\"lazy\" decoding=\"async\" width=\"150\" height=\"150\" src=\"https:\/\/www.cish.org\/wp-content\/uploads\/2021\/06\/Foto-del-18-05-21-alle-18.25-e1626947894850-150x150.jpg\" alt=\"\" class=\"wp-image-2832\" srcset=\"https:\/\/www.cish.org\/wp-content\/uploads\/2021\/06\/Foto-del-18-05-21-alle-18.25-e1626947894850-150x150.jpg 150w, https:\/\/www.cish.org\/wp-content\/uploads\/2021\/06\/Foto-del-18-05-21-alle-18.25-e1626947894850-50x50.jpg 50w, https:\/\/www.cish.org\/wp-content\/uploads\/2021\/06\/Foto-del-18-05-21-alle-18.25-e1626947894850-80x80.jpg 80w\" sizes=\"auto, (max-width: 150px) 100vw, 150px\" \/><\/figure>\n\n\n\n<p class=\"wp-container-content-5f80b302\"><strong>Secr\u00e9taire G\u00e9n\u00e9rale<\/strong><br>Prof. Edoardo Tortarolo<br>University of Eastern Piedmont<br>Vercelli, Italy<br><a href=\"&#x6d;a&#x69;l&#x74;&#111;&#x3a;&#103;e&#x6e;e&#x72;&#97;&#x6c;&#45;&#x73;&#101;c&#x72;e&#x74;&#97;&#x72;&#121;&#x40;&#x63;i&#x73;h&#x2e;&#111;&#x72;&#103;\">g&#101;&#110;&#x65;&#x72;&#x61;l-&#115;&#101;&#x63;&#x72;&#x65;t&#97;&#114;&#121;&#x40;&#x63;&#x69;s&#104;&#46;&#x6f;&#x72;&#x67;<\/a><\/p>\n<\/div>\n\n\n\n<div style=\"height:20px\" aria-hidden=\"true\" class=\"wp-block-spacer\"><\/div>\n\n\n\n<div class=\"wp-block-group is-nowrap is-layout-flex wp-container-core-group-is-layout-ad2f72ca wp-block-group-is-layout-flex\">\n<figure class=\"wp-block-image size-thumbnail is-style-default wp-container-content-69bc4bdf\"><img loading=\"lazy\" decoding=\"async\" width=\"150\" height=\"150\" src=\"https:\/\/www.cish.org\/wp-content\/uploads\/2017\/03\/sacha-zala-150x150.png\" alt=\"Sacha Zala [&#x73;&#x61;&#99;ha&#x2e;&#x7a;&#97;&#108;a&#x40;&#x64;&#111;&#100;i&#x73;&#x2e;&#x63;&#104;]\" class=\"wp-image-2012\" srcset=\"https:\/\/www.cish.org\/wp-content\/uploads\/2017\/03\/sacha-zala-150x150.png 150w, https:\/\/www.cish.org\/wp-content\/uploads\/2017\/03\/sacha-zala-50x50.png 50w\" sizes=\"auto, (max-width: 150px) 100vw, 150px\" \/><\/figure>\n\n\n\n<p class=\"wp-container-content-5f80b302\"><strong>Tr\u00e9sorier<\/strong><br>Prof. Sacha Zala<br>Swiss Academy of Humanities and Social Sciences \u2013 Dodis<br>University Bern<br><a href=\"m&#97;&#105;&#x6c;&#x74;&#x6f;&#x3a;t&#114;&#101;&#97;&#x73;&#x75;&#x72;er&#64;&#99;&#x69;&#x73;&#x68;&#46;o&#114;&#103;\">&#116;&#x72;&#x65;&#97;&#x73;&#x75;r&#x65;&#x72;&#64;&#99;&#x69;s&#104;&#x2e;o&#114;&#x67;<\/a><\/p>\n<\/div>\n\n\n\n<div style=\"height:40px\" aria-hidden=\"true\" class=\"wp-block-spacer\"><\/div>\n\n\n\n<h2 class=\"wp-block-heading\">Office<\/h2>\n\n\n\n<div class=\"wp-block-group is-nowrap is-layout-flex wp-container-core-group-is-layout-ad2f72ca wp-block-group-is-layout-flex\">\n<figure class=\"wp-block-image size-thumbnail is-style-default wp-container-content-69bc4bdf\"><img loading=\"lazy\" decoding=\"async\" width=\"150\" height=\"150\" src=\"https:\/\/www.cish.org\/wp-content\/uploads\/2024\/11\/Eichmann_Flavio-e1730727908452-150x150.jpg\" alt=\"\" class=\"wp-image-3544\" srcset=\"https:\/\/www.cish.org\/wp-content\/uploads\/2024\/11\/Eichmann_Flavio-e1730727908452-150x150.jpg 150w, https:\/\/www.cish.org\/wp-content\/uploads\/2024\/11\/Eichmann_Flavio-e1730727908452-50x50.jpg 50w, https:\/\/www.cish.org\/wp-content\/uploads\/2024\/11\/Eichmann_Flavio-e1730727908452-80x80.jpg 80w\" sizes=\"auto, (max-width: 150px) 100vw, 150px\" \/><\/figure>\n\n\n\n<p class=\"wp-container-content-5f80b302\"><strong>Secr\u00e9taire g\u00e9n\u00e9ral adjoint<\/strong><br>Dr. Flavio Eichmann<br>Swiss Society for History <br>Bern \/ Switzerland<br><a href=\"&#109;&#x61;i&#108;&#x74;o&#58;&#x6f;f&#x66;&#x69;&#99;&#x65;&#64;&#99;&#x69;s&#104;&#x2e;o&#x72;&#x67;\">&#x6f;&#x66;&#x66;&#x69;&#x63;&#x65;&#x40;&#x63;&#x69;&#x73;&#x68;&#x2e;&#x6f;&#x72;&#x67;<\/a><\/p>\n<\/div>\n\n\n\n<div style=\"height:40px\" aria-hidden=\"true\" class=\"wp-block-spacer\"><\/div>\n\n\n\n<h2 class=\"wp-block-heading\">Board<\/h2>\n\n\n\n<div class=\"wp-block-group is-nowrap is-layout-flex wp-container-core-group-is-layout-ad2f72ca wp-block-group-is-layout-flex\">\n<figure class=\"wp-block-image size-thumbnail is-style-default wp-container-content-69bc4bdf\"><img loading=\"lazy\" decoding=\"async\" width=\"150\" height=\"150\" src=\"https:\/\/www.cish.org\/wp-content\/uploads\/2015\/09\/Catherine-Horel-150x150.jpg\" alt=\"Catherine Horel\" class=\"wp-image-1554\" srcset=\"https:\/\/www.cish.org\/wp-content\/uploads\/2015\/09\/Catherine-Horel-150x150.jpg 150w, https:\/\/www.cish.org\/wp-content\/uploads\/2015\/09\/Catherine-Horel-50x50.jpg 50w\" sizes=\"auto, (max-width: 150px) 100vw, 150px\" \/><\/figure>\n\n\n\n<p class=\"wp-container-content-5f80b302\"><strong>Pr\u00e9sident<\/strong><br>Prof. Catherine Horel<br>CNRS\/CETOBAC<br>Paris<br><a href=\"&#109;&#x61;&#x69;&#108;&#x74;&#x6f;&#58;&#x70;&#x72;&#101;&#x73;&#x69;&#100;&#x65;&#x6e;&#116;&#x40;&#x63;&#105;&#x73;&#x68;&#46;&#x6f;&#x72;&#103;\">&#x70;&#x72;&#101;s&#x69;&#x64;&#x65;&#110;t&#x40;&#x63;&#x69;&#115;h&#x2e;&#x6f;&#x72;&#103;<\/a><\/p>\n<\/div>\n\n\n\n<div style=\"height:20px\" aria-hidden=\"true\" class=\"wp-block-spacer\"><\/div>\n\n\n\n<div class=\"wp-block-group is-nowrap is-layout-flex wp-container-core-group-is-layout-ad2f72ca wp-block-group-is-layout-flex\">\n<figure class=\"wp-block-image size-thumbnail is-style-default wp-container-content-69bc4bdf\"><img loading=\"lazy\" decoding=\"async\" width=\"150\" height=\"150\" src=\"https:\/\/www.cish.org\/wp-content\/uploads\/2015\/09\/eliana-dutra-150x150.jpg\" alt=\"\" class=\"wp-image-1512\"\/><\/figure>\n\n\n\n<p class=\"wp-container-content-5f80b302\"><strong>Vice-Pr\u00e9sident<br><\/strong>Prof. Eliana Dutra<br>Instituto de Estudos Avan\u00e7ados Transdisciplinares<br>Universidade Federal de Minas Gerais<br><a href=\"&#x6d;a&#x69;&#108;t&#x6f;&#58;&#x65;&#114;d&#x75;&#116;&#x72;&#97;&#64;&#x74;&#101;&#x72;&#x72;a&#x2e;&#99;o&#x6d;&#46;&#x62;&#114;\">erdutra&#64;terr&#97;&#46;&#99;&#111;&#109;&#46;&#98;&#114;<\/a><\/p>\n<\/div>\n\n\n\n<div style=\"height:20px\" aria-hidden=\"true\" class=\"wp-block-spacer\"><\/div>\n\n\n\n<div class=\"wp-block-group is-nowrap is-layout-flex wp-container-core-group-is-layout-ad2f72ca wp-block-group-is-layout-flex\">\n<figure class=\"wp-block-image size-thumbnail is-style-default wp-container-content-69bc4bdf\"><img loading=\"lazy\" decoding=\"async\" width=\"150\" height=\"150\" src=\"https:\/\/www.cish.org\/wp-content\/uploads\/2020\/07\/Krzysztof_Makowski-150x150.jpg\" alt=\"\" class=\"wp-image-2666\" srcset=\"https:\/\/www.cish.org\/wp-content\/uploads\/2020\/07\/Krzysztof_Makowski.jpg 150w, https:\/\/www.cish.org\/wp-content\/uploads\/2020\/07\/Krzysztof_Makowski-50x50.jpg 50w, https:\/\/www.cish.org\/wp-content\/uploads\/2020\/07\/Krzysztof_Makowski-80x80.jpg 80w\" sizes=\"auto, (max-width: 150px) 100vw, 150px\" \/><\/figure>\n\n\n\n<p class=\"wp-container-content-5f80b302\"><strong>Vice-Pr\u00e9sident<br><\/strong>Prof. Krzysztof Makowski<br>Faculty of History<br>University of Poznan<br><a href=\"&#x6d;&#x61;&#x69;&#108;&#116;o:&#x6d;&#x61;&#x6b;&#109;&#97;k&#64;&#x61;&#x6d;&#x75;&#46;&#101;du&#x2e;&#x70;&#x6c;\">&#109;a&#x6b;m&#x61;k&#x40;a&#x6d;&#117;&#x2e;&#101;&#x64;&#117;&#x2e;&#112;l<\/a><\/p>\n<\/div>\n\n\n\n<div style=\"height:20px\" aria-hidden=\"true\" class=\"wp-block-spacer\"><\/div>\n\n\n\n<div class=\"wp-block-group is-nowrap is-layout-flex wp-container-core-group-is-layout-ad2f72ca wp-block-group-is-layout-flex\">\n<figure class=\"wp-block-image size-thumbnail is-style-default wp-container-content-69bc4bdf\"><img loading=\"lazy\" decoding=\"async\" width=\"150\" height=\"150\" src=\"https:\/\/www.cish.org\/wp-content\/uploads\/2021\/06\/Foto-del-18-05-21-alle-18.25-e1626947894850-150x150.jpg\" alt=\"\" class=\"wp-image-2832\" srcset=\"https:\/\/www.cish.org\/wp-content\/uploads\/2021\/06\/Foto-del-18-05-21-alle-18.25-e1626947894850-150x150.jpg 150w, https:\/\/www.cish.org\/wp-content\/uploads\/2021\/06\/Foto-del-18-05-21-alle-18.25-e1626947894850-50x50.jpg 50w, https:\/\/www.cish.org\/wp-content\/uploads\/2021\/06\/Foto-del-18-05-21-alle-18.25-e1626947894850-80x80.jpg 80w\" sizes=\"auto, (max-width: 150px) 100vw, 150px\" \/><\/figure>\n\n\n\n<p class=\"wp-container-content-5f80b302\"><strong>Secr\u00e9taire G\u00e9n\u00e9rale<\/strong><br>Prof. Edoardo Tortarolo<br>University of Eastern Piedmont<br>Vercelli, Italy<br><a href=\"&#109;&#x61;&#x69;&#108;&#x74;&#x6f;&#58;&#x67;&#x65;&#110;&#x65;&#x72;&#97;&#x6c;&#x2d;&#115;&#x65;&#x63;&#114;&#x65;&#x74;&#97;&#x72;&#x79;&#64;&#x63;&#x69;s&#x68;&#x2e;o&#x72;&#x67;\">&#x67;&#101;&#x6e;&#x65;&#114;&#x61;&#108;-&#x73;&#101;c&#x72;&#101;t&#x61;&#114;y&#x40;&#99;&#x69;&#x73;&#104;&#x2e;&#x6f;&#114;&#x67;<\/a><\/p>\n<\/div>\n\n\n\n<div style=\"height:20px\" aria-hidden=\"true\" class=\"wp-block-spacer\"><\/div>\n\n\n\n<div class=\"wp-block-group is-nowrap is-layout-flex wp-container-core-group-is-layout-ad2f72ca wp-block-group-is-layout-flex\">\n<figure class=\"wp-block-image size-thumbnail is-style-default wp-container-content-69bc4bdf\"><img loading=\"lazy\" decoding=\"async\" width=\"150\" height=\"150\" src=\"https:\/\/www.cish.org\/wp-content\/uploads\/2017\/03\/sacha-zala-150x150.png\" alt=\"Sacha Zala [&#x73;&#x61;&#99;&#104;a&#46;&#x7a;&#x61;&#x6c;&#97;&#64;d&#x6f;&#x64;&#x69;&#115;&#46;c&#x68;]\" class=\"wp-image-2012\" srcset=\"https:\/\/www.cish.org\/wp-content\/uploads\/2017\/03\/sacha-zala-150x150.png 150w, https:\/\/www.cish.org\/wp-content\/uploads\/2017\/03\/sacha-zala-50x50.png 50w\" sizes=\"auto, (max-width: 150px) 100vw, 150px\" \/><\/figure>\n\n\n\n<p class=\"wp-container-content-5f80b302\"><strong>Tr\u00e9sorier<\/strong><br>Prof. Sacha Zala<br>Swiss Academy of Humanities and Social Sciences \u2013 Dodis<br>University Bern<br><a href=\"mailto:treas&#117;&#114;&#101;&#114;&#64;&#99;&#105;&#115;&#104;&#46;&#111;&#114;&#103;\">t&#114;&#x65;&#x61;s&#117;&#x72;&#x65;r&#64;&#x63;&#x69;s&#104;&#x2e;&#x6f;r&#103;<\/a><\/p>\n<\/div>\n\n\n\n<div style=\"height:20px\" aria-hidden=\"true\" class=\"wp-block-spacer\"><\/div>\n\n\n\n<div class=\"wp-block-group is-nowrap is-layout-flex wp-container-core-group-is-layout-ad2f72ca wp-block-group-is-layout-flex\">\n<figure class=\"wp-block-image size-thumbnail is-style-default wp-container-content-69bc4bdf\"><img loading=\"lazy\" decoding=\"async\" width=\"150\" height=\"150\" src=\"https:\/\/www.cish.org\/wp-content\/uploads\/2015\/09\/Harrington-head-shot-1-150x150.jpg\" alt=\"\" class=\"wp-image-1527\" srcset=\"https:\/\/www.cish.org\/wp-content\/uploads\/2015\/09\/Harrington-head-shot-1-150x150.jpg 150w, https:\/\/www.cish.org\/wp-content\/uploads\/2015\/09\/Harrington-head-shot-1-50x50.jpg 50w\" sizes=\"auto, (max-width: 150px) 100vw, 150px\" \/><\/figure>\n\n\n\n<p class=\"wp-container-content-5f80b302\">Prof. Joel Harrington<br>Vanderbilt University<br><a href=\"m&#97;&#105;&#x6c;&#x74;o:&#106;&#111;&#x65;&#x6c;&#46;h&#97;&#114;&#x72;&#x69;ng&#116;&#x6f;&#x6e;&#x40;v&#97;&#110;&#x64;&#x65;&#x72;b&#105;&#108;&#x74;&#x2e;&#x65;d&#117;\">&#106;&#x6f;&#101;&#x6c;&#46;&#x68;a&#114;&#x72;&#105;&#x6e;g&#x74;o&#110;&#x40;&#118;&#x61;n&#x64;e&#114;&#x62;&#105;&#x6c;t&#x2e;e&#100;&#x75;<\/a><\/p>\n<\/div>\n\n\n\n<div style=\"height:20px\" aria-hidden=\"true\" class=\"wp-block-spacer\"><\/div>\n\n\n\n<div class=\"wp-block-group is-nowrap is-layout-flex wp-container-core-group-is-layout-ad2f72ca wp-block-group-is-layout-flex\">\n<figure class=\"wp-block-image size-thumbnail is-style-default wp-container-content-69bc4bdf\"><img loading=\"lazy\" decoding=\"async\" width=\"150\" height=\"150\" src=\"https:\/\/www.cish.org\/wp-content\/uploads\/2021\/07\/thumbnail_Watanabe-e1626959055159-150x150.jpg\" alt=\"Watanabe\" class=\"wp-image-2845\" srcset=\"https:\/\/www.cish.org\/wp-content\/uploads\/2021\/07\/thumbnail_Watanabe-e1626959055159-150x150.jpg 150w, https:\/\/www.cish.org\/wp-content\/uploads\/2021\/07\/thumbnail_Watanabe-e1626959055159-50x50.jpg 50w, https:\/\/www.cish.org\/wp-content\/uploads\/2021\/07\/thumbnail_Watanabe-e1626959055159-80x80.jpg 80w\" sizes=\"auto, (max-width: 150px) 100vw, 150px\" \/><\/figure>\n\n\n\n<p class=\"wp-container-content-5f80b302\">Prof. Hirotaka Watanabe<br>Teikyo University<br>Tokyo<br><a href=\"&#109;&#x61;i&#108;&#x74;o&#x3a;&#x57;&#116;&#x6e;b&#104;&#x69;1&#57;&#x35;&#52;&#x40;g&#109;&#x61;i&#108;&#x2e;&#99;&#x6f;&#x6d;\" target=\"_blank\" rel=\"noreferrer noopener\">&#87;&#x74;&#x6e;b&#104;&#x69;1&#57;&#x35;&#x34;&#64;&#103;&#x6d;a&#105;&#x6c;&#x2e;c&#111;&#x6d;<\/a><\/p>\n<\/div>\n\n\n\n<div style=\"height:20px\" aria-hidden=\"true\" class=\"wp-block-spacer\"><\/div>\n\n\n\n<div class=\"wp-block-group is-nowrap is-layout-flex wp-container-core-group-is-layout-ad2f72ca wp-block-group-is-layout-flex\">\n<figure class=\"wp-block-image size-thumbnail is-style-default wp-container-content-69bc4bdf\"><img loading=\"lazy\" decoding=\"async\" width=\"150\" height=\"150\" src=\"https:\/\/www.cish.org\/wp-content\/uploads\/2015\/09\/MM-Passfoto-2-2-150x150.jpg\" alt=\"\" class=\"wp-image-1515\" srcset=\"https:\/\/www.cish.org\/wp-content\/uploads\/2015\/09\/MM-Passfoto-2-2-150x150.jpg 150w, https:\/\/www.cish.org\/wp-content\/uploads\/2015\/09\/MM-Passfoto-2-2-50x50.jpg 50w\" sizes=\"auto, (max-width: 150px) 100vw, 150px\" \/><\/figure>\n\n\n\n<p class=\"wp-container-content-5f80b302\">Prof. Matthias Middell<br>Global and European Studies Institute<br>University of Leipzig<br><a href=\"&#x6d;a&#x69;&#108;&#x74;&#111;:&#x6d;&#105;&#x64;&#100;e&#x6c;&#108;&#x40;&#117;n&#x69;-&#x6c;&#101;&#x69;&#x70;z&#x69;&#103;&#x2e;&#100;e\" data-type=\"mailto\" data-id=\"&#109;&#x61;i&#108;&#x74;&#111;&#x3a;m&#105;&#x64;d&#x65;&#x6c;&#108;&#x40;u&#110;&#x69;-&#x6c;&#x65;&#105;&#x70;z&#105;&#x67;&#46;&#x64;e\">&#109;i&#x64;d&#x65;l&#x6c;&#64;&#x75;&#110;&#x69;&#45;l&#x65;i&#x70;z&#x69;&#103;&#x2e;&#100;&#x65; <\/a><\/p>\n<\/div>\n\n\n\n<div style=\"height:20px\" aria-hidden=\"true\" class=\"wp-block-spacer\"><\/div>\n\n\n\n<div class=\"wp-block-group is-nowrap is-layout-flex wp-container-core-group-is-layout-ad2f72ca wp-block-group-is-layout-flex\">\n<figure class=\"wp-block-image size-thumbnail is-style-default wp-container-content-69bc4bdf\"><img loading=\"lazy\" decoding=\"async\" width=\"150\" height=\"150\" src=\"https:\/\/www.cish.org\/wp-content\/uploads\/2021\/07\/thumbnail_gunlog_fur_2101192-e1626948290318-150x150.jpg\" alt=\"gunlog fur\" class=\"wp-image-2846\" srcset=\"https:\/\/www.cish.org\/wp-content\/uploads\/2021\/07\/thumbnail_gunlog_fur_2101192-e1626948290318-150x150.jpg 150w, https:\/\/www.cish.org\/wp-content\/uploads\/2021\/07\/thumbnail_gunlog_fur_2101192-e1626948290318-50x50.jpg 50w, https:\/\/www.cish.org\/wp-content\/uploads\/2021\/07\/thumbnail_gunlog_fur_2101192-e1626948290318-80x80.jpg 80w\" sizes=\"auto, (max-width: 150px) 100vw, 150px\" \/><\/figure>\n\n\n\n<p class=\"wp-container-content-5f80b302\">Prof. Gunl\u00f6g Fur<br>Institutionen f\u00f6r kulturvetenskaper\/School of Cultural Sciences<br>Linnaeus University<br>Sweden<br><a href=\"&#x6d;&#97;i&#x6c;&#116;o&#x3a;&#103;u&#x6e;&#108;o&#x67;&#46;f&#x75;&#114;&#64;&#x6c;&#110;u&#x2e;&#115;e\" target=\"_blank\" rel=\"noreferrer noopener\">&#103;&#x75;n&#x6c;&#x6f;&#103;&#x2e;f&#117;&#x72;&#64;&#x6c;n&#117;&#x2e;s&#x65;<\/a><\/p>\n<\/div>\n\n\n\n<div style=\"height:20px\" aria-hidden=\"true\" class=\"wp-block-spacer\"><\/div>\n\n\n\n<div class=\"wp-block-group is-nowrap is-layout-flex wp-container-core-group-is-layout-ad2f72ca wp-block-group-is-layout-flex\">\n<figure class=\"wp-block-image size-thumbnail is-style-default wp-container-content-69bc4bdf\"><img loading=\"lazy\" decoding=\"async\" width=\"150\" height=\"150\" src=\"https:\/\/www.cish.org\/wp-content\/uploads\/2021\/07\/NunoMonteiro-1-150x150.jpg\" alt=\"\" class=\"wp-image-2905\" srcset=\"https:\/\/www.cish.org\/wp-content\/uploads\/2021\/07\/NunoMonteiro-1-150x150.jpg 150w, https:\/\/www.cish.org\/wp-content\/uploads\/2021\/07\/NunoMonteiro-1-50x50.jpg 50w, https:\/\/www.cish.org\/wp-content\/uploads\/2021\/07\/NunoMonteiro-1-80x80.jpg 80w\" sizes=\"auto, (max-width: 150px) 100vw, 150px\" \/><\/figure>\n\n\n\n<p class=\"wp-container-content-5f80b302\">Prof. Nuno Gon\u00e7alo Monteiro<br>Instituto de Ci\u00eancias Sociais<br>Universidade de Lisboa<br><a href=\"&#x6d;&#97;&#105;l&#x74;&#x6f;&#58;n&#x75;&#x6e;&#111;&#46;m&#x6f;&#110;&#116;e&#x69;&#x72;&#111;&#64;&#x69;&#x63;&#115;&#46;u&#x6c;&#x2e;&#112;t\" target=\"_blank\" rel=\"noreferrer noopener\">&#110;&#x75;&#x6e;&#111;&#x2e;&#x6d;&#111;&#x6e;&#x74;&#101;&#x69;&#x72;&#111;&#x40;&#x69;&#99;&#x73;&#x2e;&#117;&#x6c;&#x2e;&#112;&#x74;<\/a><\/p>\n<\/div>\n\n\n\n<div style=\"height:20px\" aria-hidden=\"true\" class=\"wp-block-spacer\"><\/div>\n\n\n\n<div class=\"wp-block-group is-nowrap is-layout-flex wp-container-core-group-is-layout-ad2f72ca wp-block-group-is-layout-flex\">\n<figure class=\"wp-block-image size-thumbnail is-style-default wp-container-content-69bc4bdf\"><img loading=\"lazy\" decoding=\"async\" width=\"150\" height=\"150\" src=\"https:\/\/www.cish.org\/wp-content\/uploads\/2021\/07\/thumbnail_Katalin-Szende_photo-150x150.jpg\" alt=\"Katalin Szende\" class=\"wp-image-2847\" srcset=\"https:\/\/www.cish.org\/wp-content\/uploads\/2021\/07\/thumbnail_Katalin-Szende_photo-150x150.jpg 150w, https:\/\/www.cish.org\/wp-content\/uploads\/2021\/07\/thumbnail_Katalin-Szende_photo-50x50.jpg 50w, https:\/\/www.cish.org\/wp-content\/uploads\/2021\/07\/thumbnail_Katalin-Szende_photo-80x80.jpg 80w\" sizes=\"auto, (max-width: 150px) 100vw, 150px\" \/><\/figure>\n\n\n\n<p class=\"wp-container-content-5f80b302\">Prof. Katalin Szende<br>Department of Medieval Studies<br>Central European University<br>Budapest\/Vienna<br><a href=\"&#x6d;&#x61;&#x69;&#x6c;&#x74;&#111;&#58;&#115;&#122;end&#x65;&#x6b;&#x40;&#x63;&#x65;&#x75;&#46;&#101;&#100;u\" target=\"_blank\" rel=\"noreferrer noopener\">&#115;&#x7a;&#x65;&#110;&#x64;&#x65;k&#x40;&#x63;e&#117;&#x2e;e&#100;&#x75;<\/a><\/p>\n<\/div>\n\n\n\n<div style=\"height:40px\" aria-hidden=\"true\" class=\"wp-block-spacer\"><\/div>\n\n\n\n<h2 class=\"wp-block-heading\"><strong>Pr\u00e9sidente honoraire&nbsp;<\/strong><\/h2>\n\n\n\n<div class=\"wp-block-group is-nowrap is-layout-flex wp-container-core-group-is-layout-ad2f72ca wp-block-group-is-layout-flex\">\n<figure class=\"wp-block-image size-thumbnail is-style-default wp-container-content-69bc4bdf\"><img loading=\"lazy\" decoding=\"async\" width=\"150\" height=\"150\" src=\"https:\/\/www.cish.org\/wp-content\/uploads\/2015\/09\/Krzysztof-Makowski-150x150.jpg\" alt=\"\" class=\"wp-image-1550\"\/><\/figure>\n\n\n\n<p class=\"wp-container-content-5f80b302\">Prof. Andrea Giardina<br>Scuola Normale Superiore<br>Pisa<br><a href=\"&#x6d;&#x61;&#x69;&#x6c;&#x74;&#x6f;&#x3a;&#x61;&#x6e;&#x64;&#x72;&#x65;&#x61;&#x2e;&#103;&#105;&#97;&#114;&#100;&#105;&#110;&#97;&#64;&#115;&#110;s&#46;it\">&#97;&#110;&#x64;&#x72;&#101;&#97;&#x2e;&#x67;&#105;&#97;&#x72;&#x64;&#105;&#110;&#x61;&#x40;&#115;&#110;&#x73;&#x2e;&#105;&#116;<\/a><\/p>\n\n\n\n<h2 class=\"wp-block-heading\"><\/h2>\n<\/div>\n\n\n\n<div style=\"height:40px\" aria-hidden=\"true\" class=\"wp-block-spacer\"><\/div>\n\n\n\n<h2 class=\"wp-block-heading\">Voir aussi:<\/h2>\n\n\n\n<ul class=\"wp-block-list\">\n<li><a href=\"https:\/\/www.cish.org\/index.php\/en\/presentation\/the-ichs-board\/minutes-of-the-board\/\">Proc\u00e8s verbaux des derniers bureaux&nbsp;<\/a><\/li>\n\n\n\n<li><a href=\"https:\/\/www.cish.org\/index.php\/en\/presentation\/the-ichs-board\/members-of-the-board-1926-2010\/\">Liste des membres du bureau 1926-2015<\/a><\/li>\n<\/ul>\n\n\n\n<p><\/p>\n","protected":false},"excerpt":{"rendered":"<p>Le nouveau bureau a \u00e9t\u00e9 \u00e9lu, conform\u00e9ment aux r\u00e8gles du CISH, lors du dernier assembl\u00e9e g\u00e9n\u00e9rale qui s\u2019est tenu \u00e0 distance le 11 Mai 2021. Le bureau en comit\u00e9 restreint ou au complet se r\u00e9unit deux fois par an. Il pr\u00e9pare le congr\u00e8s et les assembl\u00e9es g\u00e9n\u00e9rales et met en \u0153uvre la politique d\u00e9finie par [&hellip;]<\/p>\n","protected":false},"author":7,"featured_media":0,"parent":24,"menu_order":0,"comment_status":"closed","ping_status":"closed","template":"","meta":{"footnotes":""},"class_list":["post-1884","page","type-page","status-publish","hentry"],"_links":{"self":[{"href":"https:\/\/www.cish.org\/index.php\/wp-json\/wp\/v2\/pages\/1884","targetHints":{"allow":["GET"]}}],"collection":[{"href":"https:\/\/www.cish.org\/index.php\/wp-json\/wp\/v2\/pages"}],"about":[{"href":"https:\/\/www.cish.org\/index.php\/wp-json\/wp\/v2\/types\/page"}],"author":[{"embeddable":true,"href":"https:\/\/www.cish.org\/index.php\/wp-json\/wp\/v2\/users\/7"}],"replies":[{"embeddable":true,"href":"https:\/\/www.cish.org\/index.php\/wp-json\/wp\/v2\/comments?post=1884"}],"version-history":[{"count":38,"href":"https:\/\/www.cish.org\/index.php\/wp-json\/wp\/v2\/pages\/1884\/revisions"}],"predecessor-version":[{"id":3665,"href":"https:\/\/www.cish.org\/index.php\/wp-json\/wp\/v2\/pages\/1884\/revisions\/3665"}],"up":[{"embeddable":true,"href":"https:\/\/www.cish.org\/index.php\/wp-json\/wp\/v2\/pages\/24"}],"wp:attachment":[{"href":"https:\/\/www.cish.org\/index.php\/wp-json\/wp\/v2\/media?parent=1884"}],"curies":[{"name":"wp","href":"https:\/\/api.w.org\/{rel}","templated":true}]}}